-10
Let q be -4 + (-1 - 2/(-5 + 7)). Let x(h) be the first derivative of h**2/2 + 14*h + 2. What is x(q)?
8
Let p(g) = g**2 - 5*g**2 - 2*g + 11*g**2 - 1 - 5*g**2. Let l(w) = -3*w - 2. Let t be l(-3). Let n = t - 8. What is p(n)?
3
Let l(t) be the second derivative of -t**5/120 + t**4/4 - 2*t**3/3 - 12*t. Let p(f) be the second derivative of l(f). Give p(6).
0
Let a(i) be the second derivative of -i**4/12 - 11*i**3/6 - 7*i**2 - 351*i. Give a(-9).
4
Let g(u) = -4*u - 16 - 21 + 3*u**2 - 5*u**2 + 33 + 9*u. Calculate g(4).
-16
Let h = 40 - 36. Let c(n) = 38 + 5*n**2 + n**3 + n - 2*n**3 - 41. Give c(h).
17
Let o = -81 + 79. Let d(a) = -6*a - 1. Calculate d(o).
11
Suppose v = -l + 3, -5*l - 3*v + 13 = -2. Let h(m) = 5*m**2 + m**l - 6 + 6*m**3 - 8*m**3 + 2*m. Suppose u = 2*u - 5. Calculate h(u).
4
Suppose 4*a - 23 = 9. Let g(w) = -w + 15. Let x be g(a). Let l(p) = -p**2 + 4*p + 3. Determine l(x).
-18
Let m(x) = -2420*x - x**2 - 11 + 2420*x. Determine m(0).
-11
Suppose -58 = 4*w - 70. Let f(i) be the first derivative of 6*i + 1/4*i**4 - 3*i**2 + i**w + 5. Calculate f(-5).
-14
Let m(u) = 14*u + 1. Let g(f) = -6*f. Let w(k) = -5*g(k) - 2*m(k). Let t(y) = -y**2 - y + 4. Let i be t(0). What is w(i)?
6
Let i(m) be the first derivative of 2*m**6/45 + m**4/24 - 17*m**3/3 + 17. Let b(f) be the third derivative of i(f). Calculate b(-1).
17
Let h(g) be the first derivative of g**6/360 + g**5/30 - 5*g**4/24 - 8*g**3 + 7. Let j(d) be the third derivative of h(d). What is j(-5)?
0
Let u(o) = o**2 - o + 16. Let w = -7 - -7. Let p be u(w). Suppose 0 = -5*a + a + p. Let s(t) = t**3 - 3*t**2 - 3*t - 2. Give s(a).
2
Suppose 0 = 3*n + 5*v + 31, -v = -6*v - 10. Let p(k) = k + 16. Calculate p(n).
9
Suppose -78 = 2*v - 3*a, a = 3*v + 2*a + 95. Let d = 28 + v. Let g(n) be the second derivative of -n**4/12 - n**3/3 + 7*n**2/2 + n. Calculate g(d).
-8
Let k(c) = c**2 - c + 1. Let r = -24 + 26. Suppose -3*j + u = -13, -r*u = -5*j - 5 + 28. What is k(j)?
7
Let r(h) = 294 + 294 - 5*h**2 + 293 - 883 + 3*h. Determine r(1).
-4
Let c(k) = -19*k + 41. Let t be c(2). Let a(f) = f**2 + f - 7. Determine a(t).
5
Suppose -d - 114 = 37*d. Let y(l) = 4*l**2 + 2*l. Give y(d).
30
Let y(w) = -w**2 - w - 1. Suppose 2*h - 2*k + 6 = 0, 2*h + 5*k + 11 - 40 = 0. Let g = -4 + h. What is y(g)?
-3
Let u(g) = 4*g**3 + 2*g**2 + 3*g + 5. Let m(v) = 3*v**3 + v**2 + 2*v + 4. Let b = -31 - -37. Let y(x) = b*m(x) - 5*u(x). Calculate y(-2).
5
Let c(q) = 5 - 10*q + 12*q + 10*q**2 - 6. Give c(1).
11
Let l(x) be the second derivative of x**4/12 - 5*x**3/3 - 35*x - 2. Calculate l(9).
-9
Let c(d) be the second derivative of 2*d + 0 - 1/12*d**4 + 0*d**3 + 0*d**2 - 3/10*d**5. Determine c(-1).
5
Let a(d) = -d - 2. Let q(i) = -i**2 - 18*i - 72. Let b be q(-8). Give a(b).
-10
Suppose -j = -5*b + 12 - 5, 0 = 2*b + 2*j + 2. Let f(n) = -82*n - 2 + 85*n - b + 0. Determine f(-4).
-15
Let u(q) be the third derivative of -q**8/20160 + q**7/2520 - q**6/360 - q**5/3 - 10*q**2. Let g(m) be the third derivative of u(m). What is g(3)?
-5
Let h(d) = 3 - 77*d**3 - 2 + 82*d**3 - 2*d**2. Suppose 0 = 5*x - i - 2, -2*x - 5*i = 4 - 21. Determine h(x).
4
Let h(c) = 14*c + 8*c + 4*c + 4 - 28*c. Let p be (10 - 12)/((-2)/3). Determine h(p).
-2
Let v(a) = 4*a. Suppose 5*q + 59 = -3*x + 9, 0 = -2*x. Let w = q - -9. What is v(w)?
-4
Let f(d) = -3*d + 4. Let s(b) = -b**3 + 6*b**2 - 5*b + 3. Let u be s(5). Suppose u*j - 10 = -5*v, -v - 5*j - 10 = 2*v. What is f(v)?
-11
Suppose -21 = -3*u - 2*k, 0 = 4*u - 5*k - 4 - 1. Let g(z) = -z**2 + 7. Determine g(u).
-18
Let x = 168 + -170. Let r(b) be the first derivative of b**6/360 - b**4/24 + b**3/3 - 1. Let w(z) be the third derivative of r(z). Determine w(x).
3
Let o(r) = r**3 - 5*r**2 + r + 3. Suppose -4*j = -4*c - 2*j + 194, 0 = -4*j - 20. Suppose -c = -5*v - 31. Give o(v).
-12
Let g(y) be the first derivative of -y**5/120 + 5*y**4/24 - 7*y**3/3 + 8. Let x(a) be the third derivative of g(a). What is x(7)?
-2
Let h(g) = -1 + 7 + 2*g - 15 + 9. Let r = 2 + -1. What is h(r)?
2
Let m(b) be the second derivative of 1/20*b**5 - 9*b - 1/6*b**3 + 0 - b**2 + 1/6*b**4. Let l be -5 - (-9 + 3)/3. Determine m(l).
-8
Let g(v) = 581*v - v**3 - 4 - 578*v - 2*v**2 + 2. Suppose -j = -3*j + 4. Determine g(j).
-12
Suppose 0 = -d + 6*d, -d - 18 = -3*s. Let b(v) be the second derivative of v**4/12 - 7*v**3/6 + 3*v**2/2 - v. Calculate b(s).
-3
Let w(u) = 4*u**2 - 2*u - 1. Let p(s) = -s**2 - 38*s - 38. Let o be p(-37). What is w(o)?
5
Let o(a) = a**3 - 6*a**2 + 16. Let n be 14/1*((-115)/(-46))/5. Determine o(n).
65
Let m be 2 - ((-1)/(-5) + (-906)/30). Suppose -5*i - 4*f = -300, i + 2*f - 234 = -3*i. Let d(w) = -25*w - m*w + i*w + 7. Give d(-6).
13
Suppose -80*q + 4 = -81*q. Let z(s) = 4*s. Let h(v) = -1. Let b(g) = -5*h(g) + z(g). Let k(f) = 5*f + 6. Let u(i) = 3*b(i) - 2*k(i). What is u(q)?
-5
Let o(t) = t**2 + 8*t + 6. Suppose 0 = 5*y - 2*y - 3. Suppose -2*a + 3 + y = 0. Suppose -a*m - 10 = -0. Give o(m).
-9
Suppose 0*t + 32 = 4*t. Let u(l) = -2*l**3 + 19*l**2 + 11*l - 2. Let j(a) = 3*a**3 - 29*a**2 - 16*a + 3. Let p(s) = -5*j(s) - 8*u(s). Calculate p(t).
1
Let q(n) = n**2 + 10*n + 2. Let r = 1313 - 1318. Calculate q(r).
-23
Let n(i) be the second derivative of -i**6/360 - i**5/120 + i**4/24 + 2*i**3 - i. Let g(s) be the second derivative of n(s). Calculate g(-3).
-5
Suppose -4 = -i + 3*w - 0, w - 29 = -4*i. Suppose 9*h - 2 = i. Let k(j) = 6*j**3 + 1 + 3*j - j - 3*j. Calculate k(h).
6
Let o(s) = s**2 + 4*s - 10. Let u = 11 - 17. Let w be o(u). Let p(l) = -5*l**3 - 2 + 2*l + 5*l**3 + l**3 - 4*l**2 + 0*l**3. Calculate p(w).
-6
Let x be (-63)/(-28)*(-16)/(-6). Let v(c) = c**2 - 4*c - 2. Let o = -9 - -8. Let w(q) = -q. Let l(n) = o*v(n) - 2*w(n). Give l(x).
2
Let r(z) be the second derivative of z**4/12 + 23*z**3/6 - 53*z**2/2 + 26*z + 2. Determine r(-25).
-3
Suppose 0 = 2*x - 3*r + 4, -x + 8 = 3*x - 2*r. Let a(p) be the second derivative of p**5/20 - p**4/3 - p**3/3 + p**2 + 4*p - 7. Determine a(x).
-6
Let r(l) = -2*l - 5. Let y(f) = -2*f - 5. Let u(d) = -4*r(d) + 5*y(d). Let z = 4 - 5. Let w be -1*2 - 3 - z. Determine u(w).
3
Let h be -1*(-21)/14*(-8)/6. Let y(q) = 0 + 6*q**2 + 1 + 1. Determine y(h).
26
Let m(o) be the third derivative of -o**6/40 + o**5/60 - o**3/3 + 115*o**2. Determine m(2).
-22
Let o(i) be the first derivative of -i**4/4 - 7*i**3/3 + 3*i**2/2 + 19*i - 821. Determine o(-7).
-2
Let r(a) = a + 3. Let v be r(0). Suppose 3*s - v = 2*s. Suppose -s*w = -1 - 2. Let f(d) = -9*d**2 + d. Calculate f(w).
-8
Let x(n) = -n**3 - n**2 + n + 1. Let z(o) = -o**3 - 2*o**2 + o. Let h be 12/3 - (-2 + 8). Let u = h + 0. Let v be z(u). What is x(v)?
3
Let t(x) = 31*x**2 - 6*x + 6*x + 4 - 5 - 8 + 30*x + x**3. Calculate t(-30).
-9
Suppose 0 = 14*d + 32 + 24. Let j(b) = -b - 1. Let p(y) = -3. Let t(w) = j(w) + p(w). Determine t(d).
0
Let t(w) be the third derivative of -w**6/120 + w**5/12 - w**4/12 - w**3/3 + 14*w**2. Let o be (-30)/3*(-8)/20. What is t(o)?
6
Let s(o) = -2*o**2 - 11*o + 7. Let l be s(-6). Let g(i) be the first derivative of -5*i**2 + i**2 - l + 0*i**2 + 3*i**2 - 3*i. Calculate g(-7).
11
Suppose 10 = -2*s - 5*k, 0 = -s + 11*k - 9*k - 14. Let b(v) = v**3 + 9*v**2 - 12*v - 1. What is b(s)?
19
Let z(u) be the second derivative of 0 - u**3 - 7/2*u**2 - 2/3*u**4 - 1/20*u**5 + 22*u. Suppose 0 = -5*l + 4*p - 51, -2*l + 3*p - 5*p - 6 = 0. Calculate z(l).
-14
Let t(q) = 6*q**3 - 10*q**2 + 4*q + 1. Let d(f) = f**3 - f. Let y(i) = 5*d(i) - t(i). Let l be 18*(-8)/(-112)*7. What is y(l)?
-1
Let f(k) be the third derivative of k**5/60 - 5*k**4/8 - 10*k**3/3 + k**2 - 15*k. Give f(16).
-4
Let k(c) = -c**3 - 9*c**2 + 9*c + 10. Suppose 286*p - 259*p + 270 = 0. Give k(p).
20
Let s(j) = j + 1. Suppose 0 = -2*w + 2*t + 56, 0*w + 2*t - 13 = -w. Let p = w - 24. What is s(p)?
0
Let a(d) be the second derivative of d**4/12 + 5*d**3/3 + 7*d**2/2 - 195*d. Calculate a(-9).
-2
Let o(m) = 5*m + 2*m - m. Suppose -18*g + 2 = -35*g + 15*g. Determine o(g).
-6
Let q(g) = g**3 + 3*g**2 + g. Let f be q(-2). Suppose 2*m = -5*m + m. Let p(x) = 0 - 3 - 3*x + m*x**f - x**2. Determine p(-4).
-7
Let i(n) be the second derivative of 13*n**4/4 - 77*n - 3. Calculate i(-1).
39
Let o(f) be the first derivative of -f**2/2 - 13*f + 251. What is o(-9)?
-4
Let z(